ided by 31.
7
What is the remainder when 166 is divided by 21?
19
Calculate the remainder when 133 is divided by 18.
7
Calculate the remainder when 1018 is divided by 201.
13
Calculate the remainder when 626 is divided by 149.
30
Calculate the remainder when 175 is divided by 23.
14
What is the remainder when 116 is divided by 14?
4
What is the remainder when 6398 is divided by 33?
29
What is the remainder when 7552 is divided by 56?
48
Calculate the remainder when 1429 is divided by 99.
43
Calculate the remainder when 1593 is divided by 42.
39
What is the remainder when 1200 is divided by 597?
6
What is the remainder when 1417 is divided by 19?
11
What is the remainder when 3458 is divided by 68?
58
Calculate the remainder when 142 is divided by 13.
12
What is the remainder when 321 is divided by 50?
21
What is the remainder when 438 is divided by 32?
22
What is the remainder when 299 is divided by 94?
17
Calculate the remainder when 676 is divided by 23.
9
What is the remainder when 18789 is divided by 216?
213
Calculate the remainder when 9367 is divided by 44.
39
Calculate the remainder when 1923 is divided by 32.
3
Calculate the remainder when 395 is divided by 36.
35
Calculate the remainder when 2985 is divided by 119.
10
What is the remainder when 54 is divided by 50?
4
Calculate the remainder when 93 is divided by 18.
3
What is the remainder when 261 is divided by 88?
85
Calculate the remainder when 464 is divided by 142.
38
What is the remainder when 73 is divided by 43?
30
Calculate the remainder when 382 is divided by 190.
2
Calculate the remainder when 3525 is divided by 72.
69
What is the remainder when 974 is divided by 969?
5
What is the remainder when 43 is divided by 9?
7
What is the remainder when 691 is divided by 63?
61
What is the remainder when 1008 is divided by 279?
171
Calculate the remainder when 333 is divided by 17.
10
Calculate the remainder when 1054 is divided by 96.
94
What is the remainder when 44 is divided by 12?
8
Calculate the remainder when 268 is divided by 5.
3
What is the remainder when 1164 is divided by 23?
14
Calculate the remainder when 100 is divided by 43.
14
What is the remainder when 234 is divided by 20?
14
Calculate the remainder when 1077 is divided by 98.
97
Calculate the remainder when 590 is divided by 188.
26
Calculate the remainder when 2707 is divided by 7.
5
What is the remainder when 284 is divided by 80?
44
Calculate the remainder when 2245 is divided by 4.
1
What is the remainder when 1691 is divided by 189?
179
What is the remainder when 1840 is divided by 10?
0
What is the remainder when 4141 is divided by 14?
11
Calculate the remainder when 1289 is divided by 53.
17
What is the remainder when 196 is divided by 12?
4
What is the remainder when 8166 is divided by 7?
4
Calculate the remainder when 2684 is divided by 17.
15
Calculate the remainder when 1892 is divided by 3.
2
What is the remainder when 1743 is divided by 9?
6
What is the remainder when 536 is divided by 7?
4
What is the remainder when 49 is divided by 35?
14
Calculate the remainder when 317 is divided by 157.
3
What is the remainder when 1812 is divided by 21?
6
What is the remainder when 899 is divided by 183?
167
Calculate the remainder when 356 is divided by 19.
14
Calculate the remainder when 1755 is divided by 578.
21
What is the remainder when 83 is divided by 37?
9
Calculate the remainder when 111 is divided by 46.
19
Calculate the remainder when 502 is divided by 43.
29
Calculate the remainder when 761 is divided by 24.
17
What is the remainder when 3920 is divided by 37?
35
Calculate the remainder when 57 is divided by 18.
3
Calculate the remainder when 68 is divided by 48.
20
What is the remainder when 97578 is divided by 140?
138
What is the remainder when 1455 is divided by 479?
18
What is the remainder when 64 is divided by 12?
4
What is the remainder when 21 is divided by 16?
5
Calculate the remainder when 101 is divided by 63.
38
What is the remainder when 4855 is divided by 113?
109
Calculate the remainder when 5095 is divided by 56.
55
Calculate the remainder when 519 is divided by 75.
69
Calculate the remainder when 33 is divided by 18.
15
Calculate the remainder when 967 is divided by 362.
243
What is the remainder when 473 is divided by 59?
1
Calculate the remainder when 825 is divided by 46.
43
What is the remainder when 6154 is divided by 3061?
32
Calculate the remainder when 436 is divided by 139.
19
Calculate the remainder when 153 is divided by 77.
76
What is the remainder when 15867 is divided by 138?
135
Calculate the remainder when 2978 is divided by 124.
2
What is the remainder when 548 is divided by 19?
16
Calculate the remainder when 126 is divided by 54.
18
Calculate the remainder when 105 is divided by 56.
49
What is the remainder when 8185 is divided by 89?
86
Calculate the remainder when 307 is divided by 2.
1
What is the remainder when 1067 is divided by 10?
7
What is the remainder when 3561 is divided by 2?
1
Calculate the remainder when 113 is divided by 29.
26
Calculate the remainder when 758 is divided by 20.
18
What is the remainder when 139 is divided by 54?
31
Calculate the remainder when 982 is divided by 16.
6
What is the remainder when 1102 is divided by 218?
12
What is the remainder when 329 is divided by 218?
111
What is the remainder when 570 is divided by 11?
9
What is the remainder when 693 is divided by 79?
61
Calculate the remainder when 889 is divided by 18.
7
Calculate the remainder when 2074 is divided by 28.
2
Calculate the remainder when 917 is divided by 302.
11
What is the remainder when 2216 is divided by 8?
0
Calculate the remainder when 65 is divided by 15.
5
Calculate the remainder when 1551 is divided by 2.
1
What is the remainder when 678 is divided by 34?
32
Calculate the remainder when 358 is divided by 8.
6
Calculate the remainder when 147 is divided by 15.
12
Calculate the remainder when 5813 is divided by 18.
17
What is the remainder when 14 is divided by 4?
2
What is the remainder when 1646 is divided by 25?
21
What is the remainder when 21507 is divided by 31?
24
Calculate the remainder when 116 is divided by 8.
4
Calculate the remainder when 64 is divided by 21.
1
What is the remainder when 249 is divided by 13?
2
What is the remainder when 87 is divided by 40?
7
Calculate the remainder when 353 is divided by 111.
20
What is the remainder when 164 is divided by 52?
8
Calculate the remainder when 465 is divided by 51.
6
What is the remainder when 133 is divided by 44?
1
Calculate the remainder when 838 is divided by 67.
34
Calculate the remainder when 4487 is divided by 17.
16
What is the remainder when 15846 is divided by 21?
12
Calculate the remainder when 94 is divided by 30.
4
What is the remainder when 7852 is divided by 51?
49
Calculate the remainder when 3793 is divided by 11.
9
What is the remainder when 774 is divided by 31?
30
Calculate the remainder when 514 is divided by 65.
59
Calculate the remainder when 185 is divided by 51.
32
What is the remainder when 786 is divided by 261?
3
What is the remainder when 75 is divided by 23?
6
What is the remainder when 1871 is divided by 36?
35
What is the remainder when 170 is divided by 58?
54
Calculate the remainder when 190 is divided by 60.
10
What is the remainder when 1650 is divided by 186?
162
What is the remainder when 103 is divided by 54?
49
Calculate the remainder when 34098 is divided by 124.
122
Calculate the remainder when 25 is divided by 6.
1
What is the remainder when 127 is divided by 10?
7
What is the remainder when 12351 is divided by 193?
192
What is the remainder when 2431 is divided by 121?
11
What is the remainder when 99 is divided by 50?
49
What is the remainder when 691 is divided by 140?
131
Calculate the remainder when 54 is divided by 8.
6
What is the remainder when 1369 is divided by 248?
129
Calculate the remainder when 684 is divided by 48.
12
Calculate the remainder when 89 is divided by 23.
20
What is the remainder when 5397 is divided by 193?
186
Calculate the remainder when 277 is divided by 86.
19
What is the remainder when 1254 is divided by 5?
4
What is the remainder when 2473 is divided by 59?
54
Calculate the remainder when 29 is divided by 15.
14